, 0 = -i - 2*v + 29. What is the units digit of i?
3
Let s be 1 + 0 - (2 - 0). Let q = s - -9. What is the units digit of q?
8
Let m = 144 + -100. What is the units digit of m?
4
Let a be (3 - 20) + 0 - 1. Let v be 2 + (a + 0)/3. Let k = v + 18. What is the tens digit of k?
1
Suppose -5*s = -3*a + 281, 3*a - 158 = a - 4*s. Suppose 5*k - 30 = -5, a = 2*d + 3*k. What is the units digit of d?
6
Suppose -b - 5*i - 10 = 0, -2 = 3*b + 2*i + 2. Let n be 112*(b + 2/4). What is the units digit of 3/(-2)*n/(-12)?
7
Let m(b) = b + 3. Let p be m(0). Suppose 13 + 8 = p*s. What is the units digit of s?
7
Suppose -4*d - 136 = 192. Let l = -34 - d. What is the units digit of l?
8
Let z(f) = -f**3 - 2. Let p be z(-2). Let j = p + -8. Let o = 5 + j. What is the units digit of o?
3
Let d = -4 - -6. Suppose -k = -9 + d. What is the units digit of k?
7
Suppose -2*x = -4*h, -3*h + 16 = 2*x + h. Let v be (0/(-2))/(3 - x). Suppose -5*n - 2*f + 2 - 7 = v, -n = -3*f - 16. What is the units digit of n?
1
What is the tens digit of (-39)/(3 + 27/(-6))?
2
Let l be (-1 - -2)*20/2. Suppose -p + 11 = -l. What is the tens digit of p?
2
Let h = -39 + 17. What is the units digit of 4/6 + h/(-3)?
8
Suppose -31 + 10 = -3*x. What is the units digit of x?
7
Let r(t) = t**2 + t**3 + 0*t - t - 3 + 4*t**2 + 2*t. Let y(l) = -l**2 - l + 2. Let c be y(-3). What is the units digit of r(c)?
9
Let l be (-15)/(-6)*(-18)/(-5). Suppose 5*m - l - 11 = 0. Suppose 25 = 2*v - 3*i - m, 2*v + i - 9 = 0. What is the units digit of v?
7
Let t(m) = -2*m**2 + 6*m. Let l = 1 + 3. Let g be t(l). What is the units digit of g/(-2)*(-1 + 3)?
8
Let u(c) = -c**3 + c**2 + 1. Let s(q) = 6*q**3 - 5*q**2 - 2*q - 5. Let v(b) = -s(b) - 4*u(b). Let l be v(-1). What is the units digit of (5/4)/(l/8)?
5
Suppose 5*s + 91 = 1. Let u be (-14)/(-6) + 6/s. Suppose -t + 2*z = 4*z - 6, 2*z = u*t - 30. What is the tens digit of t?
1
Let g(r) = -r**3 - 3*r**2 - 4*r - 2. Let x be g(-2). Suppose -27 = -x*a + 3. What is the units digit of a?
5
Let t = 6 - 7. Let k = t + 1. What is the units digit of 8 - 0/(k + -3)?
8
Let q be (1 + 3)*(-2)/(-4). Let z be 11/(q/((-2)/1)). Let l = z + 16. What is the units digit of l?
5
Let h be -12*(-1)/(3/(-4)). Let f = 41 - 17. Let o = f + h. What is the units digit of o?
8
Let z(u) = u - 2. Let t be z(-5). Let f = 16 + t. Let j = -3 + f. What is the units digit of j?
6
What is the units digit of ((-15)/(-3) - 3)*13?
6
Let t = -16 + 5. Let j be 8/36 + 14/18. What is the units digit of t/(j/(-1))*1?
1
Suppose 0*b + 5*b = 0. Suppose 12 = 2*i - b. What is the units digit of i?
6
Let h = -29 + 36. What is the units digit of h?
7
Let y be 2/6 + (-11)/(-3). Suppose 0 = -f - y*f + 105. What is the units digit of f?
1
Let q = 10 - -46. What is the units digit of q?
6
Let y be (6*1)/2*-2. Let k(z) = z + 10. Let t be k(0). Let o = t + y. What is the units digit of o?
4
What is the tens digit of 2/7 + (12187/49 - 7)?
4
Suppose -6*q + q = -b + 340, -1565 = -5*b - 2*q. What is the units digit of b?
5
Let d be 2/8 + 333/12. Let t = 50 - d. What is the tens digit of t?
2
Suppose 3*y - 161 = -2*g, 4*y - 135 = -3*g + 80. What is the units digit of y?
3
Suppose -5*t + 16 - 4 = n, 3*n - 4*t = -2. Let r be 3*5/(-3)*-2. Suppose n*q - r = q. What is the units digit of q?
0
Let t = 58 - -62. What is the hundreds digit of t?
1
Suppose -f = r - 3, -3*f + 6 = -0*f + 2*r. Suppose -5*l + 185 = -f. What is the units digit of l?
7
Let h(d) = -d**2 + 26*d - 13. What is the units digit of h(20)?
7
Let o(p) = -2*p**2 - 4*p**2 + 5*p**2. Let r be o(-1). What is the tens digit of (-4 - -22)*(2 + r)?
1
Let k(h) = -5*h + 3. Let t be k(3). What is the units digit of 3/(2 - t/(-8))?
6
What is the tens digit of 1/(-2) - 1016/(-16)?
6
Suppose -7*q + 45 = 4*n - 2*q, -n + 5*q = 20. Suppose -2*m + j = -2*j - 10, -n*j = 2*m + 6. What is the units digit of m?
2
Suppose 0*s = 2*s - 5*m - 8, 0 = 2*s + 3*m - 8. Suppose p = s*k + 13, 7*p - 65 = 2*p + k. What is the units digit of p?
3
Let c = 4 + -16. Let l be (8/c)/((-1)/(-9)). What is the units digit of 1/((-8)/l - 1)?
3
Let a = 8 - 23. Let k = 23 + a. What is the units digit of k?
8
Let c be 6/4*672/36. Suppose 2*v + 0*v = c. What is the tens digit of v?
1
Let p(m) = -9*m**2 + 2*m - 2. Let l(h) = -10*h**2 + 3*h - 2. Let k(c) = 5*l(c) - 6*p(c). Suppose 2*v + 0 = -4. What is the units digit of k(v)?
2
Let q = 33 + -11. What is the units digit of q?
2
Suppose 2*h = -h + 6. Let g = h + 1. Suppose 6*o - 15 = g*o. What is the units digit of o?
5
Let p(t) = -2*t**2 - 3*t - 4. Let a be p(-3). Let y = a + -2. Let i = -5 - y. What is the units digit of i?
0
Suppose -l = -74 - 3. What is the tens digit of l?
7
Let i be ((-1)/1)/((-3)/(-3)). Let g = i - -4. Let u = 10 - g. What is the units digit of u?
7
Let k(l) = -l**2 - 10*l + 3. Let p = -20 - -12. What is the units digit of k(p)?
9
Suppose 3*s = k - 19, -5*s - 12 - 13 = 0. Suppose 2*v + 0*v + 25 = y, -y - k*v = -7. What is the tens digit of y?
1
Let f be (-2 - -1)*(-6 - -3). Suppose -y - f*m = -1 - 15, y - 20 = -m. What is the tens digit of y?
2
Let k be -1 + 36 + 2/(-1). What is the tens digit of (-440)/k*24/(-10)?
3
Let z = 5 - 3. Suppose a - z = -a. Let c(y) = 18*y**3 - 2*y**2 + 1. What is the tens digit of c(a)?
1
Let g(y) be the second derivative of -y**5/20 - y**4/12 - y**3/6 + 5*y**2 - y. What is the units digit of g(0)?
0
Suppose 8*a - 3*a - 1115 = 0. What is the hundreds digit of a?
2
Suppose 372 = 3*c + c. What is the units digit of c?
3
What is the tens digit of (553/(-21))/(0 + 3/(-9))?
7
Let a be -1*2*68/(-8). Suppose -3*x = 2*n - 4, n - 5*x = -a - 7. Let f = n + 10. What is the units digit of f?
6
Suppose 4*l = 9*l + 4*q - 585, -4*l = -2*q - 468. What is the hundreds digit of l?
1
Suppose 2*i - 2 = -0*i. Let p = i - -5. Suppose -j + w = 4*w + 2, 2*j = -w + p. What is the units digit of j?
4
Suppose -5*f + 0*k + 2*k + 270 = 0, 0 = -3*f + 3*k + 162. Suppose 12 = 4*u - n - f, -n - 50 = -3*u. What is the units digit of u?
6
Let c(h) = 7*h - 3*h - 9 + 8. What is the units digit of c(2)?
7
Let n be (-14)/4 - (-1)/2. What is the tens digit of 1*(-2 + 11) - n?
1
Let i(t) be the second derivative of t**3/3 - t**2 + 3*t. Let p be i(4). Suppose -3 = -l + p. What is the units digit of l?
9
What is the tens digit of (-2)/(-12) - ((-2639)/42 - -6)?
5
Let b(m) = -m**3 - 5*m**2 + 3*m - 14. Let r be b(-6). Suppose -5*n - 20 = 0, -r*n + 2*n + 48 = 4*x. What is the units digit of x?
4
Suppose -179 - 227 = -7*m. What is the tens digit of m?
5
Let f = 65 - 37. What is the units digit of f?
8
Let l be -3 - (-4)/2 - 16. What is the tens digit of l*2/(-4)*2?
1
Suppose 0 = -3*w + 6. Suppose 2*g + w*g - 24 = 0. What is the units digit of g?
6
Let t(x) = -x**3 + 6*x**2 - 3*x + 5. Let a be t(5). Let p be 4/(-8) - 3/2. What is the units digit of (-8)/6*a/p?
0
Let n = 1 - 1. Suppose k = -n*k. Suppose 0 = -k*c - 2*c + 2. What is the units digit of c?
1
Let l = -8 - -156. What is the hundreds digit of l?
1
Suppose 4*j = n + 6*j - 25, -5*j = 15. What is the tens digit of n?
3
Suppose 4*t - 2*l - 738 = 0, -4*l + 0*l - 20 = 0. What is the tens digit of t?
8
Suppose 0 = 4*g - 4*o - 8, -2*g + 0*o - 3*o = 6. Suppose 0 = -3*t - 0*p - 2*p + 10, 3*p - 6 = 0. Suppose g = -t*w + 9 + 1. What is the units digit of w?
5
Suppose 3*s + 5*o = 787, 0*s - 2*o + 1040 = 4*s. What is the hundreds digit of s?
2
Let o = 26 + -26. Suppose -4*s + 136 = -o*s. What is the tens digit of s?
3
Let s(f) be the third derivative of f**4/24 - f**3 + 2*f**2. Let c be s(8). Let o = 8 - c. What is the units digit of o?
6
Suppose -3*d + 2 = -1. Let l be 0 + d + (-7 - -29). Let v = 32 - l. What is the units digit of v?
9
Suppose 11*y = 10*y - 5*z + 299, 0 = 2*y + 2*z - 558. What is the units digit of y?
4
What is the tens digit of -7*(3 + 39/(-7))?
1
Let q(n) = n + 4. What is the units digit of q(3)?
7
Suppose 77 = 3*r - 46. What is the tens digit of r?
4
Suppose -3*q + 209 = -280. Suppose -5*w + 3*c = -q, c + 155 = 5*w - 4*c. What is the units digit of w?
5
Let c(m) = 9*m - 1. Let i be c(1). Let u = -4 + i. Suppose 24 = 4*w + 5*p + 8, -3*w = u*p - 12. What is the units digit of w?
4
Suppose -152 = -h + 4*q, -2*h + 2*q + 271 = 5*q. What is the tens digit of h?
4
Suppose -4*z = 4*q, 0 = 3*z - 7*z + 4*q + 1